nder when 31924 is divided by 1987?
132
What is the remainder when 544305 is divided by 13604?
145
Calculate the remainder when 2095758 is divided by 77618.
72
What is the remainder when 67096579 is divided by 344085?
4
What is the remainder when 3139679 is divided by 784901?
75
Calculate the remainder when 1322062 is divided by 36723.
34
Calculate the remainder when 36114 is divided by 11850.
564
Calculate the remainder when 1911203 is divided by 1911069.
134
What is the remainder when 612886 is divided by 3016?
638
What is the remainder when 1718607 is divided by 6847?
10
What is the remainder when 164391382 is divided by 10959425?
7
Calculate the remainder when 11898145 is divided by 127.
23
Calculate the remainder when 3572481 is divided by 132300.
381
What is the remainder when 1490678 is divided by 11042?
8
Calculate the remainder when 107954335 is divided by 26.
21
What is the remainder when 318288 is divided by 35257?
975
Calculate the remainder when 50971732 is divided by 269.
267
What is the remainder when 79253898 is divided by 86?
82
Calculate the remainder when 909293 is divided by 59.
44
What is the remainder when 11218713 is divided by 953?
950
Calculate the remainder when 502777 is divided by 395.
337
What is the remainder when 29299 is divided by 1950?
49
What is the remainder when 208254 is divided by 29746?
32
What is the remainder when 209169 is divided by 1260?
9
What is the remainder when 12321544 is divided by 1540166?
216
Calculate the remainder when 706566 is divided by 37.
14
What is the remainder when 1988048 is divided by 36?
20
Calculate the remainder when 387722 is divided by 2119.
2064
Calculate the remainder when 330936448 is divided by 856.
0
Calculate the remainder when 556564 is divided by 872.
228
Calculate the remainder when 439048 is divided by 439019.
29
What is the remainder when 327676 is divided by 2580?
16
What is the remainder when 4534 is divided by 1022?
446
Calculate the remainder when 17319850 is divided by 5773278.
16
What is the remainder when 372107 is divided by 5852?
3431
What is the remainder when 3454333 is divided by 57?
19
Calculate the remainder when 47126 is divided by 9331.
471
What is the remainder when 3093255 is divided by 363?
132
Calculate the remainder when 89785 is divided by 40.
25
Calculate the remainder when 214177 is divided by 30535.
432
What is the remainder when 862277 is divided by 431097?
83
What is the remainder when 2261701 is divided by 2261646?
55
What is the remainder when 36668137 is divided by 12?
1
Calculate the remainder when 376811999 is divided by 3240.
3239
Calculate the remainder when 847961 is divided by 282598.
167
Calculate the remainder when 13389822 is divided by 1792.
1790
Calculate the remainder when 563086420 is divided by 61.
56
What is the remainder when 5850629 is divided by 30?
29
Calculate the remainder when 36965807 is divided by 216.
215
What is the remainder when 94802 is divided by 15780?
122
What is the remainder when 44024248 is divided by 86?
74
What is the remainder when 88280 is divided by 230?
190
What is the remainder when 5985399 is divided by 572?
563
What is the remainder when 15973944 is divided by 17?
13
What is the remainder when 566584528 is divided by 61?
58
Calculate the remainder when 123917906 is divided by 15.
11
What is the remainder when 2861249 is divided by 150589?
58
Calculate the remainder when 168368961 is divided by 4022.
4019
What is the remainder when 118639287 is divided by 58?
55
What is the remainder when 1191409 is divided by 101?
13
Calculate the remainder when 386699197 is divided by 1687.
1683
Calculate the remainder when 34971 is divided by 34718.
253
Calculate the remainder when 236459 is divided by 236383.
76
What is the remainder when 639485 is divided by 5560?
85
What is the remainder when 50755127 is divided by 790?
787
Calculate the remainder when 294086 is divided by 353.
37
Calculate the remainder when 1379955 is divided by 20288.
371
Calculate the remainder when 12687 is divided by 3260.
2907
What is the remainder when 428995 is divided by 2282?
2261
Calculate the remainder when 67338177 is divided by 1820.
1817
What is the remainder when 26322 is divided by 1061?
858
What is the remainder when 33494990 is divided by 7?
4
Calculate the remainder when 57915 is divided by 6893.
2771
What is the remainder when 15607181 is divided by 1560717?
11
Calculate the remainder when 371488 is divided by 33767.
51
Calculate the remainder when 1549826 is divided by 326.
22
What is the remainder when 100496961 is divided by 217056?
33
What is the remainder when 27588020 is divided by 321?
317
What is the remainder when 72405823 is divided by 9667?
9660
Calculate the remainder when 47297453 is divided by 241.
239
What is the remainder when 184177316 is divided by 13?
11
Calculate the remainder when 203478 is divided by 2710.
228
Calculate the remainder when 452689 is divided by 1201.
1113
Calculate the remainder when 14347189 is divided by 14347186.
3
What is the remainder when 1410966899 is divided by 3150?
3149
What is the remainder when 30999511 is divided by 344439?
1
Calculate the remainder when 57841012 is divided by 383053.
9
Calculate the remainder when 11987126 is divided by 1008.
998
What is the remainder when 11392551 is divided by 1627494?
93
Calculate the remainder when 868468 is divided by 11427.
16
What is the remainder when 28647321 is divided by 14323643?
35
What is the remainder when 285409 is divided by 92155?
8944
What is the remainder when 941276 is divided by 669?
662
Calculate the remainder when 3374789 is divided by 1687385.
19
What is the remainder when 94443901 is divided by 104?
45
What is the remainder when 6679470 is divided by 4?
2
Calculate the remainder when 95280 is divided by 46789.
1702
What is the remainder when 177139 is divided by 894?
127
Calculate the remainder when 10348176 is divided by 2587039.
20
Calculate the remainder when 188931804 is divided by 52.
48
What is the remainder when 46527 is divided by 43940?
2587
Calculate the remainder when 247328972 is divided by 12.
8
What is the remainder when 1873854 is divided by 736?
734
What is the remainder when 4469126 is divided by 70938?
32
Calculate the remainder when 448067 is divided by 729.
461
What is the remainder when 59848 is divided by 16?
8
Calculate the remainder when 1465792 is divided by 4352.
3520
Calculate the remainder when 843531 is divided by 36675.
6
Calculate the remainder when 491678 is divided by 966.
950
What is the remainder when 1402111 is divided by 20?
11
Calculate the remainder when 2248238 is divided by 449631.
83
What is the remainder when 4044823 is divided by 64?
23
What is the remainder when 802675 is divided by 401284?
107
What is the remainder when 36782548 is divided by 9?
7
Calculate the remainder when 23324 is divided by 3558.
1976
What is the remainder when 479525 is divided by 1457?
172
What is the remainder when 48141 is divided by 48080?
61
Calculate the remainder when 725582 is divided by 60462.
38
What is the remainder when 453226 is divided by 453136?
90
What is the remainder when 25603 is divided by 1046?
499
Calculate the remainder when 2892797 is divided by 26.
11
Calculate the remainder when 434234 is divided by 60.
14
Calculate the remainder when 2168 is divided by 2141.
27
What is the remainder when 21107 is divided by 5488?
4643
Calculate the remainder when 18423753 is divided by 9211865.
23
Calculate the remainder when 2953857 is divided by 812.
613
Calculate the remainder when 72147840 is divided by 1463.
1458
Calculate the remainder when 6013993 is divided by 9353.
14
What is the remainder when 335933 is divided by 2108?
761
Calculate the remainder when 1402816 is divided by 6288.
592
What is the remainder when 5208 is divided by 347?
3
Calculate the remainder when 415386 is divided by 129.
6
What is the remainder when 10259869 is divided by 405?
4
What is the remainder when 6392767 is divided by 3196370?
27
Calculate the remainder when 227928 is divided by 1763.
501
What is the remainder when 86358 is divided by 8823?
6951
Calculate the remainder when 396555 is divided by 662.
17
What is the remainder when 3637473 is divided by 404161?
24
What is the remainder wh